{"id":142,"date":"2020-08-13T16:51:10","date_gmt":"2020-08-13T14:51:10","guid":{"rendered":"http:\/\/www.enjeuxdenfants.org\/?page_id=142"},"modified":"2024-04-30T13:15:09","modified_gmt":"2024-04-30T11:15:09","slug":"presse","status":"publish","type":"page","link":"https:\/\/www.enjeuxdenfants.org\/index.php\/presse\/","title":{"rendered":"Presse et publications"},"content":{"rendered":"\n<h2 class=\"has-text-color\" style=\"color:#7c9e16\">Revues sp\u00e9cialis\u00e9es<\/h2>\n\n\n\n<p class=\"has-very-dark-gray-color has-text-color\">\u00ab\u00a0Enjeux d&rsquo;enfants, grand ouest : L&rsquo;aide \u00e0 la relation enfants-parents incarc\u00e9r\u00e9s. Singularit\u00e9 des histoires familiales et pr\u00e9vention de la r\u00e9p\u00e9tition\u00a0\u00bb, <span class=\"has-inline-color has-very-dark-gray-color\">La pr\u00e9vention pr\u00e9venante en action,<\/span> Toulouse, ERES , \u00abEnfance et parentalit\u00e9\u00bb, 2012, p.206<span style=\"color:#f7cf17\" class=\"has-inline-color\">. <\/span><a rel=\"noreferrer noopener\" href=\"http:\/\/www.cairn.info\/la-prevention-prevenante-en-action--9782749215167-page-206.htm\" target=\"_blank\"><span class=\"has-inline-color has-very-dark-gray-color\"><strong>Disponible ici<\/strong><\/span><\/a><\/p>\n\n\n\n<h2 class=\"has-text-color\" style=\"color:#7c9e16\">Presse<\/h2>\n\n\n\n<p class=\"has-very-dark-gray-color has-text-color\">\u00ab\u00a0Le Mans. Enjeux d\u2019enfants tisse le lien derri\u00e8re les barreaux\u00a0\u00bb. Ouest France, 22 novembre 2019. <strong><a href=\"https:\/\/www.ouest-france.fr\/pays-de-la-loire\/le-mans-72000\/le-mans-enjeux-d-enfants-tisse-le-lien-derriere-les-barreaux-6620289\" target=\"_blank\" rel=\"noreferrer noopener\">Disponible ici<\/a>.<\/strong> <\/p>\n\n\n\n<h2 class=\"has-text-color\" style=\"color:#7c9e16\">Radio<\/h2>\n\n\n\n<p class=\"has-very-dark-gray-color has-text-color\">\u00ab\u00a0Enjeux d&rsquo;Enfants maintient les liens malgr\u00e9 les barreaux\u00a0\u00bb. Radio Laser. Reportage par Charline Olivier et Florian Le Bars, le 18 Septembre 2018. <strong><a rel=\"noreferrer noopener\" href=\"https:\/\/www.radiolaser.fr\/Enjeux-d-Enfants-maintient-les-liens-malgre-les-barreaux_a22965.html\" target=\"_blank\">Podcast disponible ici<\/a>.<\/strong> <\/p>\n\n\n\n<p class=\"has-very-dark-gray-color has-text-color\">\u00ab\u00a0L\u2019association Enjeux d\u2019Enfants maintient le lien entre les enfants de personnes incarc\u00e9r\u00e9es et leurs parents\u00a0\u00bb.  La Croix. Reportage par Christine Quentin,&nbsp;le&nbsp;22 juin 2015. <strong><a rel=\"noreferrer noopener\" href=\"https:\/\/www.la-croix.com\/Solidarite\/Dans-l-economie\/L-association-Enjeux-d-Enfants-maintient-le-lien-entre-les-enfants-de-personnes-incarcerees-et-leurs-parents-2015-06-22-1326446\" target=\"_blank\">Podcast disponible ici<\/a>. <\/strong><\/p>\n\n\n\n<h2 class=\"has-text-color\" style=\"color:#7c9e16\">Reportages t\u00e9l\u00e9visuels<\/h2>\n\n\n\n<p>Les Maternelles, ancienne \u00e9mission sur France 5, a consacr\u00e9 un dossier \u00e0 Enjeux d&rsquo;Enfants en r\u00e9alisant notamment un reportage qui suit le parcours d&rsquo;un enfant qui va rencontrer sa m\u00e8re en parloir, accompagn\u00e9 par Enjeux d&rsquo;Enfants.<\/p>\n\n\n\n<div class=\"wp-block-media-text alignwide is-stacked-on-mobile\"><figure class=\"wp-block-media-text__media\"><video controls src=\"http:\/\/www.enjeuxdenfants.org\/wp-content\/uploads\/2020\/08\/Reportage-les-Maternelles-Bdef.mov\"><\/video><\/figure><div class=\"wp-block-media-text__content\">\n<p class=\"has-small-font-size\">\u00ab\u00a0Rester parent en prison\u00a0\u00bb par L. David, C. Pavelek, P. Cussel et Y. Delescluse<\/p>\n<\/div><\/div>\n\n\n\n<h2 class=\"has-text-color\" style=\"color:#7c9e16\">Colloques<\/h2>\n\n\n\n<p class=\"has-very-dark-gray-color has-text-color\">Le 14 juin 2022, l&rsquo;association organisait une journ\u00e9e exceptionnelle. <strong>Retrouvez le programme et les actes de cette journ\u00e9e en vente <a rel=\"noreferrer noopener\" href=\"http:\/\/www.enjeuxdenfants.org\/index.php\/nos-actions\/nos-actions-pour-les-professionnels-et-le-grand-public\/colloque-enjeux-denfants-a-30-ans\/\" data-type=\"URL\" data-id=\"http:\/\/www.enjeuxdenfants.org\/index.php\/nos-actions\/nos-actions-pour-les-professionnels-et-le-grand-public\/colloque-enjeux-denfants-a-30-ans\/\" target=\"_blank\">ici<\/a>.<\/strong> <\/p>\n","protected":false},"excerpt":{"rendered":"<p>Revues sp\u00e9cialis\u00e9es \u00ab\u00a0Enjeux d&rsquo;enfants, grand ouest : L&rsquo;aide \u00e0 la relation enfants-parents incarc\u00e9r\u00e9s. Singularit\u00e9 des histoires familiales et pr\u00e9vention de la r\u00e9p\u00e9tition\u00a0\u00bb, La pr\u00e9vention pr\u00e9venante en action, Toulouse, ERES , \u00abEnfance et parentalit\u00e9\u00bb, 2012, p.206. Disponible ici Presse \u00ab\u00a0Le Mans. Enjeux d\u2019enfants tisse le lien derri\u00e8re les barreaux\u00a0\u00bb. Ouest France, 22 novembre 2019. Disponible ici. [&hellip;]<\/p>\n","protected":false},"author":1,"featured_media":0,"parent":0,"menu_order":0,"comment_status":"closed","ping_status":"closed","template":"","meta":[],"_links":{"self":[{"href":"https:\/\/www.enjeuxdenfants.org\/index.php\/wp-json\/wp\/v2\/pages\/142"}],"collection":[{"href":"https:\/\/www.enjeuxdenfants.org\/index.php\/wp-json\/wp\/v2\/pages"}],"about":[{"href":"https:\/\/www.enjeuxdenfants.org\/index.php\/wp-json\/wp\/v2\/types\/page"}],"author":[{"embeddable":true,"href":"https:\/\/www.enjeuxdenfants.org\/index.php\/wp-json\/wp\/v2\/users\/1"}],"replies":[{"embeddable":true,"href":"https:\/\/www.enjeuxdenfants.org\/index.php\/wp-json\/wp\/v2\/comments?post=142"}],"version-history":[{"count":17,"href":"https:\/\/www.enjeuxdenfants.org\/index.php\/wp-json\/wp\/v2\/pages\/142\/revisions"}],"predecessor-version":[{"id":516,"href":"https:\/\/www.enjeuxdenfants.org\/index.php\/wp-json\/wp\/v2\/pages\/142\/revisions\/516"}],"wp:attachment":[{"href":"https:\/\/www.enjeuxdenfants.org\/index.php\/wp-json\/wp\/v2\/media?parent=142"}],"curies":[{"name":"wp","href":"https:\/\/api.w.org\/{rel}","templated":true}]}}